 factors of s(-6)?
2, 3, 109
Let g be (-2 - 4/(-1))*7. Let f = g + -19. Let k = -3 - f. List the prime factors of k.
2
Let a(k) = 247*k - 8. Let g(z) = -494*z + 16. Let d(p) = 5*a(p) + 2*g(p). List the prime factors of d(1).
239
Suppose -3*o - 4*b + 2 = -3*b, 5*o - 5*b + 10 = 0. Suppose 0 = 5*u + 25, o*m + 3*m + 2*u - 50 = 0. List the prime factors of m.
2, 5
Suppose -2*h - 12936 = -5*h - 4*i, 3*i = h - 4299. What are the prime factors of h?
2, 3, 359
Let g(i) = 11*i**2 + 176*i - 6. What are the prime factors of g(-24)?
2, 3, 13
Let n(s) = 4*s**2 - 3*s + 3. Let k be 15/20*(-12)/3. Let z be n(k). Let p = z + -25. List the prime factors of p.
23
Let h = 17 - 53. Let r be 3*291*(-4)/h. Suppose 3*s + 34 = r. What are the prime factors of s?
3, 7
Let p(c) = c**2 + c + 1. Let q(f) = 19*f**2 + 7*f + 6. Let h(s) = -6*p(s) + q(s). Let b = 29 - 28. List the prime factors of h(b).
2, 7
Let d be 3 + (12 - 2/1). Let p = d + -15. Let s = 28 + p. List the prime factors of s.
2, 13
Suppose 57*m - 84*m + 64395 = 0. What are the prime factors of m?
3, 5, 53
Suppose 3*r + 10 = 31. Let c = r + -3. Suppose -s + 2 + c = 0. What are the prime factors of s?
2, 3
Let q = 1 - -8. Let h be (-12 + q)*1*-11. Let i = h + -7. List the prime factors of i.
2, 13
Let r(g) = g**3 + 9*g**2 + 7*g - 3. Suppose -2*p = 15 + 1. Let x be r(p). Suppose x*l - 5*d - 2 = 3, -2*d = -8. What are the prime factors of l?
5
Suppose -3*u + 381 = 5*b, 2*b - 2*u - 58 - 88 = 0. Suppose 0 = 2*l - 4*s - 10, -5*l - 3*s + 32 = -6*s. Suppose -l*n + b = -2*n. List the prime factors of n.
3, 5
Let l = -3180 - -5870. What are the prime factors of l?
2, 5, 269
Let z be 4/10 - (-362)/(-5). Let q be -12*(108/(-11) - (-2)/(-11)). Let u = q + z. List the prime factors of u.
2, 3
Suppose 4*q = -q - 15. List the prime factors of (46/q)/((-4)/6 - 0).
23
Let w(r) = 2*r**3 + r**2 - 2*r + 84. What are the prime factors of w(0)?
2, 3, 7
Suppose -3*z = -b + 1225, -b + 5*b = 5*z + 4921. List the prime factors of b.
2, 617
Let k be (2 + 1)/(-1) - -15. List the prime factors of 8/k + (-498)/(-9).
2, 7
Suppose 3*f + 305 = 8*f + 5*y, f + 3*y - 63 = 0. Let s = 23 + -58. Let z = s + f. What are the prime factors of z?
5
Suppose 3*n = n + 204. Let f be 2/9 - n/(-27). Suppose -f*h + 8 = 0, -5*j + 73 + 125 = -h. List the prime factors of j.
2, 5
Let c = -18 - -20. Suppose 4*w - 5*j - 34 = 21, -w + 4 = c*j. List the prime factors of w.
2, 5
Let i = 454 + -306. List the prime factors of i.
2, 37
Suppose -u + 9 = 4*u - 4*j, -4*u = 5*j - 40. Suppose -45 = -u*g - 20. Suppose -g*m + 90 + 245 = 0. What are the prime factors of m?
67
Let j(p) = p**3 + 3*p**2 - 5*p - 3. Let v be j(-4). Let u(l) = 8 + 7*l - 12 + v. What are the prime factors of u(2)?
11
Let k be (2 - 1/1)*4. Suppose v + 3 = k. What are the prime factors of 3 + v/1 + -1?
3
Suppose -3*d + 7 = 25. Let y be 6/(-9) + (-274)/d. Suppose 0 = -c + 4 + y. List the prime factors of c.
7
Suppose -4*c + v = -1851, 462 = -12*c + 13*c - v. What are the prime factors of c?
463
Let i = 57 + 317. List the prime factors of i.
2, 11, 17
Suppose -3*c = -c. Suppose 0 = 3*y - t - c - 2, 0 = 2*y - 4*t - 8. Suppose f - 9 = -y*f. What are the prime factors of f?
3
Suppose 5*x - 97 = 63. List the prime factors of x.
2
Let a(h) = h - 14. Let v be a(-6). Let g = -16 - v. What are the prime factors of (116/(-16))/((-1)/g)?
29
Let l be 2 + 2/(-2)*2. Let a be ((-9)/(-6))/(-3 + 0)*-50. Suppose -12*x + 13*x - a = l. List the prime factors of x.
5
Let f(d) = d**3 - 13*d**2 + 85*d + 19. List the prime factors of f(20).
4519
Suppose -i + 2*i = 10. Suppose 2*z = -5*t + 68, -4*z + 68 = 4*t + z. Let g = t - i. What are the prime factors of g?
2
Let m = -20 + 0. Let y(b) = -5*b**3 - 2*b**2 + 2*b. Let p be y(-2). Let t = p + m. List the prime factors of t.
2
Let q(b) = -b**2 + 15*b - 14. Let v be q(13). Let y be (-5)/15 - 116/(-6). Let p = y - v. List the prime factors of p.
7
Let s be (-33)/(-6) - (-2)/(-4). Let z be (1 + 0)*13*5. Suppose 0 = 5*c - z - s. List the prime factors of c.
2, 7
Let d(y) = -y**3 + 7*y**2 - 6*y + 1. Let z = -2 + -8. Let j = -6 - z. What are the prime factors of d(j)?
5
Let c(a) = -a**3 + 31*a**2 - 31*a + 65. List the prime factors of c(30).
5, 7
Let j be (-3)/2*260/(-15). Suppose j = -9*f + 8. Let a(g) = 9*g**2 - 2*g - 5. List the prime factors of a(f).
5, 7
Suppose 1 = 8*k + 41. Let i(t) = -t**2 - 4*t + 4. Let o be i(-5). Let y = o - k. What are the prime factors of y?
2
Let z(t) = -t**2 - 4*t + 3. Let m be z(-4). Let c = -2 - -3. List the prime factors of -3 - (c + -44 + m).
37
Let r(o) = 7*o + 5. Let h be r(-4). Let b = 26 + h. What are the prime factors of 910/42 + 1/b?
2, 11
Suppose -u - 2*u = 0. Suppose u = -2*a + 4*i + 24, 2*i = -a - a. Suppose 0*w - 3*z = -3*w + 252, z = -a*w + 331. List the prime factors of w.
83
Let c = 77 + -68. Let a(d) be the second derivative of d**5/20 - 2*d**4/3 - 3*d**3/2 + 11*d**2/2 - d. List the prime factors of a(c).
11
Suppose 12152 = 544*u - 537*u. List the prime factors of u.
2, 7, 31
Let l(m) = m**2 + 10*m + 127. List the prime factors of l(-11).
2, 3, 23
Suppose 0 = -2*j + 4*w + 20, 0 = 5*j - w + 6*w + 25. Suppose -d + o + 4 + 26 = j, -3*o + 92 = 4*d. List the prime factors of d.
2, 13
Let i(k) be the third derivative of -k**5/60 + 13*k**4/24 - 5*k**3/6 + 3*k**2. What are the prime factors of i(5)?
5, 7
Suppose -17 = -4*i - 9. Suppose 5*b = i*b + 69. List the prime factors of b.
23
Let r = 78 - -42. Suppose 0 = -2*z + 3*t + 125 - 45, 0 = 3*z - 2*t - r. Suppose 3*m - z = -m. What are the prime factors of m?
2, 5
Suppose -969 = -v + 788. List the prime factors of v.
7, 251
Let m(w) = 33*w**2 - 2*w - 17. List the prime factors of m(-5).
2, 409
Let n be (-33)/2*(-40)/3. Suppose -3*s + n = 2*s. List the prime factors of s.
2, 11
Suppose 9*g - 27 = 6*g. Let l(d) = -d**3 + 9*d**2 + 7*d + 2. List the prime factors of l(g).
5, 13
Suppose 0 + 9 = 3*r. Let g(f) = 4*f**2 + 0*f**2 - 5*f**2 - 11*f**2 - 3 - f**r + 11*f. What are the prime factors of g(-13)?
23
Let l be ((-27)/4)/((-21)/420). Suppose 3*h + 4*z = l, 3*h + z = 4*z + 135. What are the prime factors of h?
3, 5
Suppose 0 = 22*l - 25*l - 3, 4*p - 1723 = -l. What are the prime factors of p?
431
Suppose -2*t - 96 = -3*t + 5*b, 3*t = -4*b + 193. Suppose -5*n = -j + t + 31, -n = j - 120. What are the prime factors of j?
3, 13
Let i(q) be the third derivative of -q**4/6 + 125*q**3/6 + 6*q**2. List the prime factors of i(0).
5
Suppose 7*m - 176 = 69. Suppose m*d = 28*d + 1736. What are the prime factors of d?
2, 31
Let g(w) = -92*w - 53. What are the prime factors of g(-5)?
11, 37
Let n(f) = -3*f**3 + 2*f**2 + 10*f - 1. Let k be n(-6). Suppose -3*p = 5*q - k, -q + 675 = 4*q - 5*p. List the prime factors of q.
7, 19
Let s be ((-48)/(-20))/(9/(-30)). What are the prime factors of 24/6 + s - -91?
3, 29
Suppose 0 = 4*h + 4*v - 12, 3*h - 27 = h + 5*v. Suppose -h*d - 212 = -8*d. List the prime factors of d.
2, 53
Let v(y) = 957*y**2 - 2*y - 1. List the prime factors of v(-1).
2, 479
Let i(l) = 7*l**2 - 1. Let m be i(1). Suppose -o + m*t - t + 35 = 0, 5*t - 35 = -o. What are the prime factors of o?
5, 7
Let l(x) = -x**2 + 9*x - 19. Let u(k) = -1. Let d(i) = l(i) - 5*u(i). What are the prime factors of d(6)?
2
Let i(c) = c - 1. Let j = -2 + 7. Suppose -j*z + 22 = h, 0*z + 5*h - 10 = -5*z. List the prime factors of i(z).
2
Let c = 578 - 574. Let r(i) = -i**2 - 2*i + 1. Let v be r(-3). List the prime factors of -2*(c + 69/v).
61
Suppose 0 = p - 2*v - 14, 4*v + 12 = p - 3*p. Suppose 0 = 9*l - 82 + 28. Suppose 5*r = p + l. List the prime factors of r.
2
Suppose -5*p + p - 2*g - 56 = 0, 40 = -4*p + 2*g. List the prime factors of 5/(-20) - 1911/p.
3, 53
Suppose -3*y = 8 + 7. Let k(o) = -o**3 + o**2 - 1. Let t(v) = -5*v**3 - 4*v**2 - 4*v - 2. Let d(m) = 4*k(m) - t(m). List the prime factors of d(y).
53
Let d(o) = 4*o**2 + 9 + 2*o**2 - 3*o**2 + 9*o - 4*o**2. List the prime factors of d(5).
29
Let v = 2186 - 1380. List the prime factors of v.
2, 13, 31
Suppose a + 12 = 4*a. Suppose -w + 3*l + 194 = 3*w, -5*w - a*l + 258 = 0. What are the prime factors of w?
2, 5
Let g = 4 - -1. Suppose z - 347 = -g*b, -3*z = 2*b + 2*z - 148. List the prime factors of b.
3, 23
Let o = 226 - 113. Suppose 553 = 5*p + o. What are the pri